-3*v. Calculate m(t).
-18
Let a(w) be the third derivative of w**5/60 - 5*w**4/12 + 17*w**3/6 + 6*w**2 + 93*w. Determine a(5).
-8
Let u(r) be the first derivative of -5*r**3 + r**2/2 + 1119. Give u(-1).
-16
Let i be (6 - 362/(-3))*36/2. Let o(c) = -c + 4*c - i + 2281 - c - 3*c**3. Give o(-1).
2
Let y(s) = s**3 + 9*s**2 - 12*s + 1. Let n be -343 + ((-2)/6 - 3/(-9)). Let c = -353 - n. Give y(c).
21
Let k(d) = 5 + 2439*d - 1198*d - 1217*d. Give k(0).
5
Let c(b) be the third derivative of 5*b**4/12 + 40*b**3/3 + 277*b**2. Determine c(-7).
10
Let c(h) be the first derivative of -151 - 3*h + 11/2*h**2. Calculate c(3).
30
Let c = -72 - -80. Let o(z) = -3*z + 1. Let s(y) = y. Let l(m) = -o(m) - 4*s(m). Let u(t) = -7*t + 2. Let i(h) = 6*l(h) - u(h). What is i(c)?
0
Suppose 5*d + 127 = c, 0 = 2*c + 8*d - 10*d - 278. Let h(w) = -277 + 4*w + 2*w**2 + c + 132. Let f(x) = -x**3 + 6*x**2 + 8*x - 5. Let y be f(7). What is h(y)?
13
Let r(g) = -23*g**2 + 4*g + 19. Let k(j) = 3*j**2 - j. Let x(l) = -4*k(l) - r(l). Let d(s) be the first derivative of x(s). What is d(-1)?
-22
Let c(k) = 5*k**3 - k**2 + 5*k - 3. Let t be c(2). Let o = t + -44. Let p(u) = 1 + 24*u - 24*u + 4*u**2. Give p(o).
5
Let m(u) = -u**2 - 2*u - 5. Let n = -109 - -115. Suppose -n = q - 14. Suppose 1 = r + 5, -3*j + r - q = 0. Calculate m(j).
-13
Suppose -3*j = 3*j - 2*j. Suppose -2*t + 37 - 16 = 3*n, j = 5*n - 3*t - 35. Let w(s) = -s + 8. Calculate w(n).
1
Let y(p) = -24*p**3 - 2*p**2 + p. Suppose 0 = -10*w - 810 + 60. Let c be (-2 - w/35) + 36/42. What is y(c)?
-25
Let b be 84/140*1*(-20)/1. Let n(u) = 9*u**2 + 107*u - 18. Give n(b).
-6
Let z(q) = 1356453 - 2*q - 1356445 + q**2 - 3*q. What is z(5)?
8
Let q(b) be the second derivative of -b**2/2 - 4*b. Let d(y) = -y - 13. Let o(p) = -d(p) + 6*q(p). What is o(0)?
7
Let t(a) = -2*a - 5. Let p be ((-10)/10)/((-5)/25). Let b(m) = 0*m - 2*m + 8 - m. Let h be b(p). Calculate t(h).
9
Let d(w) = -41834 + 6*w + 41791 + w + 4*w. Determine d(5).
12
Let f = -249 + 246. Let g(w) = -w**2 - 2*w + 1. Let h(n) = -4*n**2 - 8*n + 1. Let z(p) = f*g(p) + h(p). Give z(4).
-26
Let h(v) = v**3 - 8*v**2 - 2*v + 17. Let i be 32/12*1*3/2. Suppose 3*g = -4*d + 47, i*d - 4*g + 4 - 16 = 0. What is h(d)?
1
Let w(o) be the third derivative of -19*o**6/120 + o**5/30 - o**3/6 - 2*o**2 - 187*o. Calculate w(-1).
20
Let d(f) = 2*f + 18. Suppose 1027*s - 1023*s = 5*k - 32, 0 = -5*s - 4*k + 1. Give d(s).
12
Let k(p) = p. Let t = 16 + -13. Suppose 3 = 2*j - t. Let s(b) = -4*b + 3. Let g(l) = j*k(l) + s(l). What is g(-6)?
9
Let o(d) = d**2 + 5*d - 5. Suppose 5*b + 136 = 11. Let l = 27 + b. Suppose 15 - 1 = -l*i. Give o(i).
9
Let z(u) = -13*u**3 - 15*u**2 + 180*u + 2. Let x(i) = 7*i**3 + 8*i**2 - 97*i - 2. Let a(v) = 11*x(v) + 6*z(v). Determine a(-6).
56
Let p(i) = 2*i**2 + 66*i + 9. Let t(u) = -u**2 - 31*u - 5. Suppose 13*b + 129 = 246. Let y(r) = b*t(r) + 4*p(r). Calculate y(-12).
27
Let q = -19 + 26. Let j(i) = -3*i**2 + 18 + 3*i**2 + 8*i**2 - q*i**2 - 11*i. Let c be j(8). Let g(m) = -2*m - 4. Give g(c).
8
Let k(y) = 2*y**2 - 20*y + 56. Let c be (56/(-21))/((-160)/(-30) - 6). Calculate k(c).
8
Let u(d) = -2*d**2 - 4*d**2 + 12*d**2 + 8*d - 6*d. Determine u(-2).
20
Let i = -10 + 6. Let k(l) = 21 - 8*l - 2*l**2 - 41 + 0*l**2 - 2*l + 7. Let g(n) = -2*n**2 - 11*n - 16. Let u(d) = 3*g(d) - 4*k(d). Determine u(i).
8
Let m(c) = -c - 1. Let g(b) = -b**3 - 6*b**2 - 1. Let t be g(-5). Let x = 3 - 31. Let u = t - x. Give m(u).
-3
Let l(n) be the second derivative of n**4/12 - 20*n**2 - 2491*n. Calculate l(6).
-4
Let s(c) = 2*c + 50. Let y(q) = 11*q - 850. Let b be y(76). Calculate s(b).
22
Let i = -3 - -2. Let r(c) = -c - 51. Let p(x) = 12*x + 425. Let w(s) = 3*p(s) + 25*r(s). Determine w(i).
-11
Let a = 275 - 269. Let g(w) = -w**2 - w**3 + 5*w**2 + 2*w**2 - 2 - 7*w + w**2 + 9. What is g(a)?
1
Let r(q) be the second derivative of -q**5/20 - q**4/8 - q**3/2 - 119*q**2/2 + 3*q - 7. Let k(h) be the first derivative of r(h). What is k(-3)?
-21
Let v(q) = 2*q**3 - 7*q**2 - 11*q - 6. Let y(h) = h**2 - 39*h - 544. Let c be y(-11). Determine v(c).
108
Let i(z) = 22 - 5 + 207*z + 203*z - 634*z + 203*z. What is i(4)?
-67
Let y(p) = -p**2 - 189*p - 8530. Let o be y(-115). Let h(x) = 4*x**2 + 80*x + 11. Calculate h(o).
11
Let z(a) be the second derivative of -a**5/20 - a**4/2 - 11*a**3/6 - 5*a**2/2 - 60*a - 53. Calculate z(-6).
61
Let a(o) = 24*o - 49*o + 33*o - 6 - 7. What is a(-3)?
-37
Suppose r - 77 = -7*h + 4*h, 0 = r + 5*h - 87. Suppose 18 = -r*d + 68*d. Let a(f) = -f**2 + 4. Calculate a(d).
-5
Let i(l) be the second derivative of 5*l**4/12 - l**3/6 - 51*l**2 + 109*l. Let k(u) be the first derivative of i(u). Give k(2).
19
Let o(u) = u - 1. Let l be -2 + (2 + (-48)/(-20))*-10. Let p = 66 + l. Suppose p + 0 = 4*s. What is o(s)?
4
Let f(t) = -4*t**2 - 3. Suppose 0 = -144*i + 23 + 409. What is f(i)?
-39
Let j(b) = -19 + 1681*b - 34 - 1673*b. Calculate j(7).
3
Let o = -13995 + 13994. Let h(u) = -9*u**2 + 8*u + 7. Determine h(o).
-10
Let a(s) = s + 30. Suppose -71*f = -g - 74*f + 6, g + 5*f - 4 = 0. What is a(g)?
39
Let n(s) = -240*s + 1199. Let y be n(5). Let j(t) = 12*t - 1 + 8*t - 3*t + t. Calculate j(y).
-19
Let a be ((-105)/7*(-4)/70)/(24/(-112)). Let f(m) = 0 + 3 + m - 1. Give f(a).
-2
Suppose 283 = 13*n + 16*n - 877. Let t(x) = x**2 - 45*x + 206. Determine t(n).
6
Suppose b = 2*u - 19, -4*u + 35*b = 39*b - 32. Let m(n) = n**3 - 8*n**2 - 6*n - 30. Calculate m(u).
-3
Let n(k) be the second derivative of k**4/12 - 5*k**3/6 + 3*k**2 - 3*k + 54. Determine n(-5).
56
Let l(x) = x**2 - 21*x + 21. Let v be l(20). Suppose 6*d - 71 - v = 0. Suppose 0 = -2*z + w + d, -z = -0*z + 5*w - 6. Let h(c) = -c**2 + 6*c + 2. What is h(z)?
2
Let h(w) be the first derivative of w**2/2 + 37*w - 198. Determine h(-26).
11
Let d(g) = g**3 + g - 1. Let i(z) be the third derivative of -z**5/60 + 11*z**4/8 + 12*z**3 - 26*z**2. Let v be i(35). What is d(v)?
9
Let s(k) = -27 + 2*k**2 - 32*k + 62*k - 35*k - 17*k + 0*k**2. Let v(l) = l**3 - 5*l**2 + l + 24. Let w be v(4). Calculate s(w).
-3
Let s(y) = -135*y + 269*y + 17 - 136*y. Suppose -h = 4*h - 35. Let v be s(h). Let z(k) = k**3 - k**2 - 5*k + 3. Give z(v).
6
Let g(b) = -7*b + b + 32 - 7*b + 6*b + 2*b. What is g(4)?
12
Let c be (-7)/(-2)*1040/728 + -2. Let u(p) = -p**2 - 1 + 1 + 3*p. Give u(c).
0
Let j(l) be the third derivative of -1/12*l**4 + 69*l**2 - 1/10*l**5 + 0*l + 0 + 1/120*l**6 + 5/6*l**3. Determine j(6).
-7
Let g(m) be the first derivative of m**4/2 + m**3 - 5*m**2/2 - 3*m - 41. Give g(-3).
-15
Let w = 150 + 81. Let y(c) = 5 + 456*c - 6*c**2 + c**3 - w*c - 224*c. Give y(5).
-15
Let t = -363 + 366. Suppose 9*d - 2*n = 11*d - 12, -4*n = d + t. Let x(a) be the first derivative of -a**4/4 + 3*a**3 + 3*a + 2. Give x(d).
3
Let a be (-90)/18 - (-5 + 11 + 1)/(-1). Let f(w) = -22*w + 58. Determine f(a).
14
Let t(z) = -4 + 4*z**2 - 8 - 76*z - 3*z**2 + 40*z + 24*z. Determine t(13).
1
Let n(v) = 7*v + 6*v - 25283*v**2 + 31 + 25268*v**2 + v**3. What is n(14)?
17
Let h(i) = -i**2 - 13*i + 8. Suppose -8*q - 47 - 99 = -3*k, 0 = -q - 3*k + 2. Give h(q).
-40
Let p(m) = -2*m**2 + 29*m - 20. Let b = -435 - -449. What is p(b)?
-6
Let f(x) = 10*x**3 - x**2 - 5*x - 3. Let z be f(-1). Let b(s) = 2*s + 17. Let g be b(z). Let k(d) = -11*d**3 - d**2 + 1. What is k(g)?
11
Let d(y) = 7*y + 19. Let r(h) = 2*h + 5. Let t(f) = 6*d(f) - 22*r(f). Suppose -2*g - j = -9, 41*j = -4*g + 36*j + 15. Calculate t(g).
-6
Let c = 227 - 224. Let i(s) = -5 - 777*s**c + s**2 + 799*s**3 + 4 + 0. Give i(-1).
-22
Let g(h) = -h**2 - 9*h + 2. Let i be g(-7). Let n = -18 + i. Let t(a) = 2*a**3 - 3*a + 249 - 5*a**2 + 258 - 508 + a**2. Calculate t(n).
-27
Let k(l) be the first derivative of l**4/12 - 2*l**2 + 13*l - 55. Let x(y) be the first derivative of k(y). Determine x(3).
5
Let c be ((-48)/6 + 7)*(0 + 137). Let j = -89 - c. Suppose 15*n - 21*n = j. Let a(p) = -p**3 - 9*p**2 - 9*p + 3. What is a(n)?
11
Suppose -2 = 9*c - 20. Let v(w) = 7*w**3 - w**2 + 157 - c*w - 158 + 0*w. Give v(-1).
-7
Let d(a) be the third derivative of -a**9/60480 - a**8/2880 + a**7/630 - a**6/180 - 25*a**5/12 + a**2 + 5. Let j(m) be the third derivative of d(m). Give j(-8).
-4
Let j(n) be the third derivative of -n**8/1344 + n**5/120 + 119*n